 base 6, what is -4 + 3535?
3531
In base 5, what is 201 - 32?
114
In base 11, what is 13 - 8?
6
In base 9, what is 4 + 23?
27
In base 15, what is 1 - -5d?
5e
In base 3, what is -2010001 - 0?
-2010001
In base 10, what is -9 + -345?
-354
In base 3, what is 221002 - -10?
221012
In base 14, what is 285 + -3?
282
In base 2, what is 111101 - 11?
111010
In base 7, what is 5 - -3221?
3226
In base 7, what is 315 - 1?
314
In base 7, what is 5 - 466?
-461
In base 10, what is -3 + 1180?
1177
In base 8, what is 6057 + 4?
6063
In base 11, what is 10 + -60?
-50
In base 10, what is 2 - 79?
-77
In base 14, what is 823 - 1?
822
In base 14, what is 1 - 75?
-74
In base 5, what is 4001 - -4?
4010
In base 5, what is -21 - 1101?
-1122
In base 8, what is -1620 + 10?
-1610
In base 6, what is -2 - 11143?
-11145
In base 13, what is 82 - -1?
83
In base 12, what is -133 - -6?
-129
In base 6, what is -5 - 252?
-301
In base 7, what is -13 - -36?
23
In base 12, what is -2 - 166?
-168
In base 14, what is 51d - 1?
51c
In base 13, what is -231 - 0?
-231
In base 3, what is -10 - 110?
-120
In base 11, what is 4 - 3?
1
In base 10, what is -40 - -21?
-19
In base 10, what is 4 + -25?
-21
In base 6, what is 10 - -25?
35
In base 15, what is -5 + -29?
-2e
In base 10, what is -62 + -15?
-77
In base 11, what is 1 - 1a1?
-1a0
In base 9, what is 22372 - 5?
22366
In base 12, what is 4 + -120?
-118
In base 9, what is 8 - -10?
18
In base 7, what is 542 - -1?
543
In base 8, what is -6 - -412?
404
In base 14, what is -35 - -2?
-33
In base 6, what is 320 + -343?
-23
In base 6, what is 1201 + -5?
1152
In base 4, what is -3032 - -23?
-3003
In base 16, what is -4a + 1?
-49
In base 4, what is -20311 - 2?
-20313
In base 2, what is -10000111 + 0?
-10000111
In base 16, what is -86 + 0?
-86
In base 6, what is -10 - -43?
33
In base 4, what is -303 - 11?
-320
In base 11, what is -a + 229?
21a
In base 8, what is -5 - 1423?
-1430
In base 4, what is 10 - 10?
0
In base 12, what is 3 - 31?
-2a
In base 14, what is -3 + -127?
-12a
In base 3, what is 11 - -10200002?
10200020
In base 12, what is -8 + 113b?
1133
In base 2, what is 10110101011 - 11?
10110101000
In base 16, what is -4 - 5?
-9
In base 2, what is -1010 + -10110011?
-10111101
In base 9, what is -3 + 86?
83
In base 13, what is b782 + 0?
b782
In base 14, what is 3 + a6c?
a71
In base 9, what is 233 - -2?
235
In base 2, what is 100 - 0?
100
In base 11, what is 5 - -51?
56
In base 3, what is 10 - 12120?
-12110
In base 4, what is 3 + 211?
220
In base 3, what is -12 - -212?
200
In base 16, what is -100 + 14?
-ec
In base 2, what is 11111 + 10?
100001
In base 2, what is -101011001 - -1110?
-101001011
In base 3, what is -2022 - -12020?
2221
In base 15, what is 52e - -1?
530
In base 6, what is 25 + 232?
301
In base 5, what is -20421 - 3?
-20424
In base 11, what is -1 + -78?
-79
In base 3, what is -201 + -11?
-212
In base 6, what is 5 + 241?
250
In base 10, what is 15642 - 2?
15640
In base 3, what is -2 + -1211001?
-1211010
In base 7, what is 115115 - 3?
115112
In base 2, what is -100 + 1111000?
1110100
In base 3, what is 2 - -1021?
1100
In base 14, what is -1a + 7?
-13
In base 5, what is -12 + 1441?
1424
In base 9, what is 125 - 3?
122
In base 11, what is -191 - 15?
-1a6
In base 10, what is 2602 - 5?
2597
In base 14, what is d680 + -2?
d67c
In base 7, what is 13 + 0?
13
In base 6, what is -13 + 2445?
2432
In base 9, what is 16 + -55?
-38
In base 3, what is 12 + 20100102?
20100121
In base 12, what is -4 + -15a?
-162
In base 16, what is -2 - 220?
-222
In base 9, what is 265 - 2?
263
In base 11, what is -2 + 134?
132
In base 2, what is -1 + -1100100?
-1100101
In base 15, what is 130b + -2?
1309
In base 9, what is 1565 + -3?
1562
In base 4, what is -203 - 20?
-223
In base 4, what is 2 + 20?
22
In base 7, what is -1 - 216?
-220
In base 9, what is 4 - 210?
-205
In base 3, what is 22 + 1112?
1211
In base 4, what is 10 - 22022?
-22012
In base 8, what is 343 + -1?
342
In base 10, what is 8 + 7?
15
In base 9, what is 177 - -3?
181
In base 12, what is -160 + a?
-152
In base 2, what is -10011110111 + -101?
-10011111100
In base 4, what is 1031 + 0?
1031
In base 6, what is -114 + -123?
-241
In base 5, what is -3 + -233?
-241
In base 14, what is 1 - -75?
76
In base 12, what is 4 - 34?
-30
In base 6, what is -1412 + -4?
-1420
In base 11, what is a + 3?
12
In base 16, what is -8e + -4?
-92
In base 10, what is -45 - -173?
128
In base 16, what is 1e - -5?
23
In base 8, what is 1062 - 0?
1062
In base 2, what is 0 + 11000111?
11000111
In base 15, what is -6 + 45?
3e
In base 6, what is -42 + 4?
-34
In base 12, what is 4 - 66?
-62
In base 16, what is 1e - d?
11
In base 15, what is -3bd + -8?
-3c6
In base 2, what is -10000101 + 10000010?
-11
In base 6, what is -41 + 224?
143
In base 4, what is 1 - -113002?
113003
In base 7, what is -11 - -116?
105
In base 16, what is 58 + 0?
58
In base 7, what is -2 - -1106?
1104
In base 7, what is 11425 - 1?
11424
In base 8, what is 376 + 0?
376
In base 10, what is 57 + -79?
-22
In base 15, what is -73 + 7?
-6b
In base 9, what is 435 + 4?
440
In base 5, what is -10 + -400?
-410
In base 14, what is -2 - -523?
521
In base 13, what is -55 - 6?
-5b
In base 15, what is 112 + -17?
ea
In base 11, what is 221 - 19?
203
In base 16, what is -efb - 5?
-f00
In base 12, what is 7 + 6b?
76
In base 2, what is -11001010011 + -101?
-11001011000
In base 12, what is -52 - -3?
-4b
In base 5, what is -10 + 1330?
1320
In base 14, what is 4 + 539?
53d
In base 14, what is 2 + 1c4?
1c6
In base 10, what is -38 + 102?
64
In base 13, what is 50 - 5?
48
In base 15, what is -9aa - -5?
-9a5
In base 9, what is 1104 - -15?
1120
In base 14, what is -3a + 46?
a
In base 14, what is -6 + 26?
20
In base 9, what is 1 + 2522?
2523
In base 9, what is 62 + -141?
-68
In base 10, what is -5 - 21?
-26
In base 12, what is 10 - -2?
12
In base 13, what is cc4 + 6?
cca
In base 13, what is 28 - 5?
23
In base 10, what is -14 + 85?
71
In base 3, what is -202 + 221?
12
In base 15, what is 2ea - -5?
300
In base 11, what is 891 - -5?
896
In base 13, what is -22 - -732?
710
In base 7, what is -135 + 0?
-135
In base 4, what is 33 - -310?
1003
In base 5, what is -42 - -2?
-40
In base 15, what is -65e9 - 4?
-65ed
In base 9, what is -8 + -71?
-80
In base 6, what is 53 - 34?
15
In base 13, what is 38 - -1?
39
In base 10, what is -5 + -717?
-722
In base 15, what is -a + -138?
-143
In base 2, what is -11010011 - -1?
-11010010
In base 6, what is -14 - 254?
-312
In base 14, what is -5 + 988?
983
In base 11, what is 0 + -72?
-72
In base 13, what is -5 - -37?
32
In base 11, what is -2 - 30?
-32
In base 16, what is 148c - 5?
1487
In base 15, what is 4e + a?
59
In base 3, what is 1102 + 122221?
201100
In base 10, what is -3 - -237?
234
In base 2, what is 1 - -1000100?
1000101
In base 16, what is 12 + -25?
-13
In base 12, what is b7 + -5?
b2
In base 11, what is 1 + -33?
-32
In base 10, what is -1 - -105?
104
In base 10, what is -500 + 5?
-495
In base 9, what is -702 + 6?
-685
In base 8, what is 73 + -1?
72
In base 12, what is -14b - -2?
-149
In base 5, what is -13122 + 2?
-13120
In base 2, what is 0 + -1101110?
-1101110
In base 5, what is 23322 - 13?
23304
In base 12, what is -5 - -11?
8
In base 11, what is 75 - -107?
181
In base 2, what is 1 - -11111?
100000
In base 7, what is -1162 - 0?
-1162
In base 7, what is 21 + 0?
21
In base 3, what is -200 + -11200?
-12100
In base 16, what is 2 + -b?
-9
In base 9, what is 362 - -1?
363
In base 12, what is -24 - -2a?
6
In base 8, what is 10137 - 3?
10134
In base 15, what is 0 + -15a?
-15a
In base 12, what is -27 + -7?
-32
In base 11, what is -8 - 2a9?
-306
In base 6, what is -4 + 401?
353
In base 2, what is 10100 - -111111001?
1000001101
In base 5, what is 11 - 111422?
-111411
In base 6, what is 22 - -1420?
1442
In base 5, what is 3 - 1133?
-1130
In base 14, what is bd + -94?
29
In base 10, what is -16 + -27?
-43
In base 14, what is -1b4b - -3?
-1b48
In base 8, what is -606 - 1?
-607
In base 3, what is -12002 + 111?
-11121
In base 6, what is -3110 - 5?
-3115
In base 5, what is 321 - -2?
323
In base 6, what is 345 + -15?
330
In base 16, what is 3 - e?
-b
In base 10, what is 247 + 5?
252
In base 14, what is 1b2 + a?
1bc
In base 15, what is -3 + 9?
6
In base 4, what is -3 + -1110